-2 + (2 - 0))*-1. Suppose -3*j - 3*q + 21 = c, -q + 3 = -1. Suppose 16 - 4 = j*w. What is the highest common factor of 2 and w?
2
Let b = -488 + 344. Let c = 261 + b. What is the greatest common factor of 13 and c?
13
Let y be (-85)/2*(-12)/15. Suppose -g + 5*x = -50, x - y = 4*g - 196. Calculate the greatest common factor of g and 8.
8
Suppose 0 = -k - 2*o + 97, 0*o + 277 = 3*k - o. What is the highest common factor of 62 and k?
31
Let x(y) = -y**3 - y**2 - y + 8. Let n be x(0). Let r(k) = -k**2 + 5*k - 3. Let g be r(4). What is the greatest common divisor of g and n?
1
Suppose -37 = -5*c - 12. Suppose -4*b - 22 = -4*g + b, 0 = c*g + b - 42. Let u be g/28 + (-502)/(-7). What is the greatest common factor of u and 8?
8
Suppose -12 = -4*y - 0*y. Let j be 1/(2/8) - 2. Suppose 2*i = j*z + y*z - 36, -4*z + 9 = 5*i. What is the greatest common factor of z and 12?
6
Let c(w) = 8*w**3 - 2*w**2 + 1. Let b be c(-1). Let k be (189/12)/((-1)/(-4)). Let d = k + b. What is the highest common factor of 6 and d?
6
Suppose j = 5*c - 60, -3*c + 4*j + 39 + 14 = 0. Let k = 11 + c. Calculate the greatest common factor of 33 and k.
11
Let j = 177 - 150. What is the highest common divisor of 27 and j?
27
Let m be (-1 - 0 - -1) + 16. Let h be ((-2)/4)/(4/288). Let i = 52 + h. What is the highest common factor of i and m?
16
Let k be (-312)/(-9) - (-1)/3. Let h be (60/k)/(4/14). Calculate the highest common factor of h and 15.
3
Suppose -5*f - 95 = -5*i, -2*i - 2*f + 19 = -39. Let b be (i/3)/((-2)/(-18)). Calculate the highest common factor of b and 8.
8
Let w = -22 + 24. Suppose -w*s + 145 = v, -3*s + s = -v + 165. What is the greatest common divisor of 31 and v?
31
Suppose 6*p - p = -35. Let u be 3 + p/(21/(-186)). Let y(c) = c**2 + 3*c + 3. Let z be y(-5). What is the greatest common divisor of u and z?
13
Let w be (18 + -6)/((-6)/(-4)). What is the highest common divisor of w and 88?
8
Let u be 11 - (2 - 3 - -3). Suppose -3*v - 2*z = -z + u, 17 = -4*v - 3*z. Let c be (-2 - (55 + v))/(-1). What is the greatest common factor of c and 11?
11
Let g(a) = -a**3 + 5*a**2 - 4*a + 6. Let s be g(4). What is the highest common factor of s and 15?
3
Let i(s) = -s**2 - 14*s + 27. Let y be i(-15). Suppose 2*j + 10 = 7*j. Let n be (j + -8)*(-12 - 0). What is the highest common factor of y and n?
12
Suppose -36 = 5*n - 126. Let c(v) = -v**2 + 4*v - 2. Let j be c(2). Suppose 3*l = -j*l + 4*w + 41, 0 = w - 1. What is the highest common factor of n and l?
9
Suppose -2*j = 4*r + 8, -4*j + 9*j + 8 = -4*r. Let m = 3 - j. Suppose 0 = 4*h + 3*g - 4 + 1, -3*h + m*g = -18. Calculate the greatest common factor of h and 2.
1
Let w = -13 - -25. Let y be 22 + 0 + (0 - -2). Calculate the greatest common divisor of w and y.
12
Let f(l) = -l**3 + 13*l**2 - 10*l. Let r be f(12). Let y(x) = -x**3 + 4*x**2 - 4*x + 3. Let m be y(2). What is the highest common divisor of m and r?
3
Suppose 3 = 4*m - 1. Let f(q) = q**2 + 1. Let h be f(m). Suppose h*j - 6*j = 3*y - 108, 3*y + 84 = 4*j. Calculate the greatest common factor of 60 and j.
12
Let z = -99 + 59. Let l = -2 + 5. Let y be l*(-7)/(42/z). Calculate the greatest common divisor of 4 and y.
4
Let z = 118 + -115. What is the greatest common factor of 24 and z?
3
Let s = 1 + 0. Let p be (-3 + 1)*s + 38. What is the greatest common factor of 24 and p?
12
Let l(p) = p + 4. Let m be l(0). Let q = -2 + m. Suppose 0 = w - 3*n - 26, 4*w - 76 = 3*n + q*n. Calculate the highest common divisor of 112 and w.
14
Let n = 4 + -7. Let f be 8*n*33/(-9). What is the greatest common factor of 11 and f?
11
Let o be (22/(-4))/((-2)/4). Suppose 3*v - 27 = 2*v. Let l = v - o. Calculate the highest common factor of l and 4.
4
Let t(i) = 4*i**2 - i**3 - 1 - 3*i + 8*i - 4*i. Let k be t(4). What is the highest common factor of 33 and k?
3
Suppose 2*z - k = 3*z - 7, 3*z - k = 29. What is the highest common factor of 63 and z?
9
Suppose 4*d - 64 = p - 3*p, 4*p = 8. Let m be 838/8 + 3/12. What is the highest common divisor of d and m?
15
Let v = -3 + 14. Let i(o) = o**2 + 6*o + 3. Let d be i(-6). Suppose 138 = 4*z - z - d*r, -2*r + 128 = 3*z. Calculate the highest common divisor of z and v.
11
Let j be (-8)/(-6)*(-7 + 2 - -11). Calculate the greatest common divisor of j and 24.
8
Suppose 4*u - 2*u + 3*i = 3, -5*i + 7 = 4*u. Suppose -11 = -u*f - 2. Suppose -2*w - 9 = -2*b + f*b, b = -w - 4. What is the highest common factor of 5 and b?
1
Let j = -166 - -281. What is the greatest common factor of 46 and j?
23
Let b = -28 - -2. Let r = b - -36. What is the greatest common factor of 60 and r?
10
Suppose -3*r - 2*g = -0*g - 16, 0 = r - 3*g + 13. Let y be -2*(r + 174/(-4)). Suppose 0 = -4*k + 1 + y. What is the highest common factor of 7 and k?
7
Let z(x) be the third derivative of -x**4/24 + 13*x**3/6 - 7*x**2. Let s be z(6). Calculate the highest common factor of s and 56.
7
Suppose 12 = 4*u + 4*r, 5*u - 3*r + 2 = 9. Let j(g) = g**3 + 4*g**2 - 4*g - 1. Let n be j(-5). Let z be n*-1*8/u. What is the highest common factor of z and 8?
8
Suppose -5*o - 5 = -25. Let q = 7 - o. Calculate the highest common factor of 12 and q.
3
Suppose 0 = -2*i + 5*g + 21, -i = 4*g - 2 - 2. Let z(t) = t**3 + t**2 - 3*t - 3. Let a be z(3). Calculate the highest common divisor of i and a.
8
Let m = 62 + -24. Let r = m + 7. What is the highest common divisor of r and 5?
5
Let u(o) = -2*o**2 + 6*o - 2. Let p be u(-6). Let l = 173 + p. Calculate the highest common divisor of l and 21.
21
Suppose -91 - 84 = -5*t. Suppose -3 = -4*q - 3*j + 25, -j = -2*q + 14. What is the highest common factor of q and t?
7
Let f = -6 + 11. Suppose 4*n - 52 - 168 = 0. What is the highest common divisor of f and n?
5
Let r be 2 - 124/(-2) - 0. Suppose -2*b = -4*b + r. Suppose 4*i = i + 144. What is the greatest common divisor of b and i?
16
Suppose -w + 12 = -0. Let f = 6 - -12. Suppose -2*a = -3*a + f. Calculate the greatest common divisor of a and w.
6
Let x be 12/(2*3/8). Let s be (3/6)/(2/x). Suppose 2*n - 20 = 2*l, n + 38 = s*n - l. What is the highest common factor of 70 and n?
14
Let u be -5*(18/15)/1. Let g be 70/6 + (-2)/u. Suppose 0 = n, 0*b - 240 = -4*b + 4*n. Calculate the greatest common factor of g and b.
12
Let a(c) = c**3 + 6*c**2 + 3*c - 2. Let l be a(-5). What is the highest common divisor of 2 and l?
2
Let g(a) = a**2 + 8*a + 7. Let w be g(-8). Calculate the highest common factor of w and 63.
7
Let n = -1 + 2. Let y be (-1 - 0)*(-2 + 3). Let s be (-34)/(-3) - y/(-3). What is the greatest common divisor of s and n?
1
Let p(x) = -x**3 + x - 1. Let y be p(-2). Let o = 0 - -5. What is the highest common factor of y and o?
5
Let j = -2 - -8. Let z be 19 - (-2)/j*-3. Suppose 3*d - a = 62 + 16, 4*d - 93 = 5*a. What is the highest common factor of d and z?
9
Suppose 6 = 2*a - 0*a. Suppose a*k - k = 4*g + 22, -30 = -4*k + g. What is the greatest common factor of k and 35?
7
Let s be 2/8 - 2515/(-20). Let t = -6 - -9. Let m(w) = -w**3 + 4*w**2 + w + 2. Let p be m(t). Calculate the greatest common factor of s and p.
14
Let n = -8 + 16. Let y = n - -7. Calculate the greatest common divisor of 60 and y.
15
Suppose -2*v = 5*m - 12, -3*v - m = 2*v + 16. Let b(p) = -2*p - 4. Let h be b(v). Let w be ((-6)/(-5))/(h/30). Calculate the greatest common factor of 45 and w.
9
Let m(a) = -a - 13. Let d be m(-17). Calculate the highest common factor of 44 and d.
4
Let b(p) = p**3 - 5*p**2 - p + 7. Let d be b(5). Let y = 8 - d. What is the highest common divisor of y and 12?
6
Let g(f) = -5*f - 45. Let u be g(-11). Let o = -1 - -1. Suppose o*w + 5*w - 25 = 0. Calculate the greatest common factor of u and w.
5
Let q be 40/16 + 3/6. Calculate the greatest common divisor of 2 and q.
1
Let i = -3 + 4. Let z(o) = 11*o**2 + o - 1. Let k be z(i). What is the highest common factor of 1 and k?
1
Suppose 5*q = -d + 61, -3*q - d = -4*q + 11. Calculate the highest common factor of 18 and q.
6
Let c be 1 + 4 + 12/(-6). Suppose p + c*p = -4*f + 304, -5*p = 5. What is the highest common divisor of 7 and f?
7
Suppose -5*q = 4 - 64. Let v(z) = -z**3 + 6*z**2 + 8*z - 5. Let r be v(7). Suppose r*m = -m + 90. What is the highest common divisor of m and q?
6
Let b = -3 + 3. Suppose b = t + t - 6. Calculate the greatest common divisor of 15 and t.
3
Let 